{"id":73,"date":"2018-01-05T00:45:55","date_gmt":"2018-01-05T00:45:55","guid":{"rendered":"http:\/\/juancarlosrevollar.com\/?page_id=73"},"modified":"2019-04-09T18:37:19","modified_gmt":"2019-04-09T18:37:19","slug":"articulos-de-opinion","status":"publish","type":"page","link":"https:\/\/jcsuarez.com.pe\/index.php\/articulos-de-opinion\/","title":{"rendered":"Art\u00edculos de opini\u00f3n"},"content":{"rendered":"<h1>Los art\u00edculos de opini\u00f3n<\/h1>\n<p>(Los art\u00edculos siguientes fueron publicados por Juan Carlos Su\u00e1rez Revollar en distintos medios. Se han ordenado por fecha de publicaci\u00f3n).<\/p>\n<p><a href=\"http:\/\/jcsuarez.com.pe\/index.php\/2019\/04\/09\/opinion-el-enemigo-comun\/\"><strong>El enemigo com\u00fan <\/strong><strong><em>(abril de 2019)<\/em><\/strong><\/a><br \/>\nUna estrategia de los caudillos para ganar popularidad es convencernos de la existencia de un enemigo com\u00fan. Ayuda a unir naciones o peque\u00f1as sociedades y las hace trabajar codo a codo para vencer y sobrevivir&#8230;<\/p>\n<p><a href=\"http:\/\/jcsuarez.com.pe\/index.php\/2019\/03\/27\/opinion-dias-de-teatro\/\"><strong>D\u00edas de teatro <\/strong><strong><em>(marzo de 2019)<\/em><\/strong><\/a><br \/>\nSalvo excepciones, quienes cultivan el teatro en el Per\u00fa son grupos peque\u00f1os y de recursos limitados. A menudo, adem\u00e1s de escribir, el dramaturgo tambi\u00e9n dirige e incluso act\u00faa&#8230;<\/p>\n<p><a href=\"http:\/\/jcsuarez.com.pe\/index.php\/2019\/04\/09\/opinion-inmigrantes\/\"><strong>Inmigrantes <\/strong><strong><em>(marzo de 2018)<\/em><\/strong><\/a><br \/>\nEs claro que el inmigrante llega con una identidad propia, que incluye el idioma, religi\u00f3n o raza, adem\u00e1s de sus costumbres. Malentender su contacto con la identidad local origina la xenofobia y un nacionalismo irracional y&#8230;<\/p>\n<p><a href=\"http:\/\/jcsuarez.com.pe\/index.php\/2018\/03\/06\/opinion-todos-corruptos\/\"><strong>Todos corruptos <em>(marzo de 2018)<\/em><\/strong><\/a><br \/>\nLa cultura del soborno se encuentra con facilidad en casi cualquier nivel del Estado. Para que pueda ocurrir se necesita la complicidad de funcionarios y autoridades. Es decir, se trata de una pr\u00e1ctica sistem\u00e1tica y, horror, institucionalizada.<\/p>\n<p><a href=\"http:\/\/jcsuarez.com.pe\/index.php\/2018\/01\/07\/opinion-lecciones-de-la-crisis-irlandesa\/\"><strong>Lecciones de la crisis irlandesa <em>(julio de 2013)<\/em><\/strong><\/a><br \/>\nEn la historia econ\u00f3mica mundial las crisis reaparecen de manera c\u00edclica y suelen ir acompa\u00f1adas por un comportamiento colectivo irracional&#8230;<\/p>\n<p><a href=\"http:\/\/jcsuarez.com.pe\/index.php\/2018\/01\/18\/opinion-la-marca-en-la-era-de-las-redes-sociales\/\"><strong>La marca en la era de las redes sociales (abril de 2011)<\/strong><\/a><br \/>\nEl concepto de <em>marca<\/em> tiene en las redes sociales un aliado que, bien aprovechado, puede derivar en grandes beneficios y en significativos ahorros en publicidad&#8230;<\/p>\n","protected":false},"excerpt":{"rendered":"<p>Los art\u00edculos de opini\u00f3n (Los art\u00edculos siguientes fueron publicados por Juan Carlos Su\u00e1rez Revollar en distintos medios. Se han ordenado por fecha de publicaci\u00f3n). El enemigo com\u00fan (abril de 2019) Una estrategia de los caudillos para ganar popularidad es convencernos de la existencia de un enemigo com\u00fan. Ayuda a unir naciones o peque\u00f1as sociedades y &hellip; <\/p>\n<p class=\"link-more\"><a href=\"https:\/\/jcsuarez.com.pe\/index.php\/articulos-de-opinion\/\" class=\"more-link\">Continue reading<span class=\"screen-reader-text\"> \u00abArt\u00edculos de opini\u00f3n\u00bb<\/span><\/a><\/p>\n","protected":false},"author":1,"featured_media":0,"parent":0,"menu_order":0,"comment_status":"closed","ping_status":"closed","template":"","meta":{"om_disable_all_campaigns":false,"_monsterinsights_skip_tracking":false,"_monsterinsights_sitenote_active":false,"_monsterinsights_sitenote_note":"","_monsterinsights_sitenote_category":0},"jetpack_sharing_enabled":true,"jetpack_shortlink":"https:\/\/wp.me\/P9wSwf-1b","jetpack_likes_enabled":true,"jetpack-related-posts":[{"id":77,"url":"https:\/\/jcsuarez.com.pe\/index.php\/critica_de_cine\/","url_meta":{"origin":73,"position":0},"title":"Cr\u00edtica de cine","date":"enero 5, 2018","format":false,"excerpt":"Art\u00edculos de la columna Funci\u00f3n Continuada Esta columna de cr\u00edtica cinematogr\u00e1fica se public\u00f3 entre marzo de 2009 y febrero de 2012. (Los art\u00edculos est\u00e1n ordenados por fecha de publicaci\u00f3n). \u00a0 El director de cine: \"Esos hombres que manipulan sue\u00f1os\" The Messenger: \"Los emisarios de la muerte\" El cisne negro: \"Mr.\u2026","rel":"","context":"Entrada similar","img":{"alt_text":"","src":"","width":0,"height":0},"classes":[]},{"id":37,"url":"https:\/\/jcsuarez.com.pe\/index.php\/obraperiodistica\/","url_meta":{"origin":73,"position":1},"title":"Obra period\u00edstica","date":"enero 5, 2018","format":false,"excerpt":"En este apartado podr\u00e1s acceder a los art\u00edculos escritos por el autor para diversas publicaciones. Se han clasificado en los grupos siguientes: Las cr\u00f3nicas Art\u00edculos sobre literatura Art\u00edculos sobre cine Art\u00edculos de opini\u00f3n Fotorreportajes","rel":"","context":"Entrada similar","img":{"alt_text":"","src":"","width":0,"height":0},"classes":[]},{"id":71,"url":"https:\/\/jcsuarez.com.pe\/index.php\/cronicas-y-reportajes\/","url_meta":{"origin":73,"position":2},"title":"Las cr\u00f3nicas","date":"enero 5, 2018","format":false,"excerpt":"Cr\u00f3nicas de Juan Carlos Su\u00e1rez Revollar (Las cr\u00f3nicas del autor abordan temas diversos. Se han ordenado por fecha de publicaci\u00f3n). El escarabajo de Volkswagen en Huancayo \u00abPor donde sea que vayamos haznos llegar bien\u00bb, susurra Jos\u00e9 en la soledad de su taller. Pero no est\u00e1 exactamente solo. Junto a \u00e9l\u2026","rel":"","context":"Entrada similar","img":{"alt_text":"","src":"","width":0,"height":0},"classes":[]},{"id":61,"url":"https:\/\/jcsuarez.com.pe\/index.php\/articulos-sobre-su-obra\/","url_meta":{"origin":73,"position":3},"title":"Art\u00edculos sobre el autor y su obra","date":"enero 5, 2018","format":false,"excerpt":"Art\u00edculos sobre el autor y su obra En este apartado se encuentra la mayor parte de art\u00edculos aparecidos en diversos medios sobre Juan Carlos Su\u00e1rez Revollar. Memoria 2017: recuento literario (por: Gabriel Ruiz Ortega) Juan Carlos Su\u00e1rez Revollar nos entreg\u00f3 una inquietante y divertida novela: Cautivos de mar y tierra.\u2026","rel":"","context":"Entrada similar","img":{"alt_text":"","src":"","width":0,"height":0},"classes":[]},{"id":43,"url":"https:\/\/jcsuarez.com.pe\/index.php\/sobre-el-autor\/","url_meta":{"origin":73,"position":4},"title":"Sobre el autor","date":"enero 5, 2018","format":false,"excerpt":"Los art\u00edculos dedicados a Juan Carlos Su\u00e1rez se han clasificado entre los dos grupos siguientes: Entrevistas al autor Art\u00edculos sobre el autor y su obra","rel":"","context":"Entrada similar","img":{"alt_text":"","src":"","width":0,"height":0},"classes":[]},{"id":49,"url":"https:\/\/jcsuarez.com.pe\/index.php\/obraliteraria\/","url_meta":{"origin":73,"position":5},"title":"Obra literaria","date":"enero 5, 2018","format":false,"excerpt":"Cautivos de mar y tierra (novela, 2017) A inicios de la Primera Guerra Mundial, un joven alem\u00e1n de ascendencia peruana naufraga en su viaje tras los huesos de su padre. Ah\u00ed conocer\u00e1 a Mat\u00edas Serna, un muchacho al que el destino llev\u00f3 a vivir condiciones de esclavitud. Juntos se adentrar\u00e1n\u2026","rel":"","context":"Entrada similar","img":{"alt_text":"","src":"","width":0,"height":0},"classes":[]}],"_links":{"self":[{"href":"https:\/\/jcsuarez.com.pe\/index.php\/wp-json\/wp\/v2\/pages\/73"}],"collection":[{"href":"https:\/\/jcsuarez.com.pe\/index.php\/wp-json\/wp\/v2\/pages"}],"about":[{"href":"https:\/\/jcsuarez.com.pe\/index.php\/wp-json\/wp\/v2\/types\/page"}],"author":[{"embeddable":true,"href":"https:\/\/jcsuarez.com.pe\/index.php\/wp-json\/wp\/v2\/users\/1"}],"replies":[{"embeddable":true,"href":"https:\/\/jcsuarez.com.pe\/index.php\/wp-json\/wp\/v2\/comments?post=73"}],"version-history":[{"count":8,"href":"https:\/\/jcsuarez.com.pe\/index.php\/wp-json\/wp\/v2\/pages\/73\/revisions"}],"predecessor-version":[{"id":998,"href":"https:\/\/jcsuarez.com.pe\/index.php\/wp-json\/wp\/v2\/pages\/73\/revisions\/998"}],"wp:attachment":[{"href":"https:\/\/jcsuarez.com.pe\/index.php\/wp-json\/wp\/v2\/media?parent=73"}],"curies":[{"name":"wp","href":"https:\/\/api.w.org\/{rel}","templated":true}]}}